{"id":4971,"date":"2025-12-04T18:39:56","date_gmt":"2025-12-04T17:39:56","guid":{"rendered":"https:\/\/www.lasagadesgares.be\/wordpress\/?page_id=4971"},"modified":"2025-12-24T15:06:19","modified_gmt":"2025-12-24T14:06:19","slug":"nos-cartes","status":"publish","type":"page","link":"https:\/\/www.lasagadesgares.be\/wordpress\/nos-cartes\/","title":{"rendered":"Nos cartes"},"content":{"rendered":"\t\t<div data-elementor-type=\"wp-page\" data-elementor-id=\"4971\" class=\"elementor elementor-4971\">\n\t\t\t\t<div class=\"elementor-element elementor-element-03ce39a e-flex e-con-boxed e-con e-parent\" data-id=\"03ce39a\" data-element_type=\"container\">\n\t\t\t\t\t<div class=\"e-con-inner\">\n\t\t\t\t<div class=\"elementor-element elementor-element-24b63b3 elementor-widget elementor-widget-text-editor\" data-id=\"24b63b3\" data-element_type=\"widget\" data-widget_type=\"text-editor.default\">\n\t\t\t\t<div class=\"elementor-widget-container\">\n\t\t\t\t\t\t\t\t\t<p><strong>La Saga des Gares vous propose plusieurs mani\u00e8res pour d\u00e9couvrir les gares d&rsquo;hier et d&rsquo;aujourd&rsquo;hui, leurs histoires, leurs images et vid\u00e9os.<\/strong><\/p>\n<p><strong>Pour acc\u00e9der \u00e0 ces contenus, choisissez un mod\u00e8le de carte.<\/strong><\/p>\t\t\t\t\t\t\t\t<\/div>\n\t\t\t\t<\/div>\n\t\t\t\t\t<\/div>\n\t\t\t\t<\/div>\n\t\t<div class=\"elementor-element elementor-element-2262ce7 e-flex e-con-boxed e-con e-parent\" data-id=\"2262ce7\" data-element_type=\"container\">\n\t\t\t\t\t<div class=\"e-con-inner\">\n\t\t<div class=\"elementor-element elementor-element-f730315 e-con-full e-flex e-con e-child\" data-id=\"f730315\" data-element_type=\"container\">\n\t\t\t\t<div class=\"elementor-element elementor-element-26a7380 elementor-widget elementor-widget-html\" data-id=\"26a7380\" data-element_type=\"widget\" data-widget_type=\"html.default\">\n\t\t\t\t<div class=\"elementor-widget-container\">\n\t\t\t\t\t<a href=\"https:\/\/www.lasagadesgares.be\/carto\/index.php?zoom=11&lat=50.420311&lon=4.016190&titre=Carte%20des%20gares%20document%C3%A9es&post&min=9&nolegend=grue&photo\">\n<center><h2>Carte des gares document\u00e9es<\/h2>\n<img decoding=\"async\" src=\"https:\/\/www.lasagadesgares.be\/html\/minicarte_popup.jpg\"\n<\/center>\n<\/a>\n\t\t\t\t<\/div>\n\t\t\t\t<\/div>\n\t\t\t\t<div class=\"elementor-element elementor-element-1365afc elementor-widget elementor-widget-text-editor\" data-id=\"1365afc\" data-element_type=\"widget\" data-widget_type=\"text-editor.default\">\n\t\t\t\t<div class=\"elementor-widget-container\">\n\t\t\t\t\t\t\t\t\t<p>En survolant les l\u00e9gendes de cette carte interactive, cliquez sur des photos surgissantes pour acc\u00e9der \u00e0 <strong>nos articles\u00a0 sur l&rsquo;histoire des gares d&rsquo;hier et d&rsquo;aujourd&rsquo;hui<\/strong>.<\/p>\t\t\t\t\t\t\t\t<\/div>\n\t\t\t\t<\/div>\n\t\t\t\t<\/div>\n\t\t<div class=\"elementor-element elementor-element-9d07129 e-con-full e-flex e-con e-child\" data-id=\"9d07129\" data-element_type=\"container\">\n\t\t\t\t<div class=\"elementor-element elementor-element-7573dde elementor-widget elementor-widget-html\" data-id=\"7573dde\" data-element_type=\"widget\" data-widget_type=\"html.default\">\n\t\t\t\t<div class=\"elementor-widget-container\">\n\t\t\t\t\t<a href=\"https:\/\/www.lasagadesgares.be\/carto\/index.php?zoom=12&lat=50.478216&lon=4.109691&titre=Carte%20des%20gares%20g%C3%A9olocalis%C3%A9es&post&min=9&photo\">\n<center><h2>\nCarte des gares g\u00e9olocalis\u00e9es \n<\/h2>\n<img decoding=\"async\" src=\"https:\/\/www.lasagadesgares.be\/html\/minicarte_inventaire.jpg\"><\/center>\n<\/a>\t\t\t\t<\/div>\n\t\t\t\t<\/div>\n\t\t\t\t<div class=\"elementor-element elementor-element-37cef1a elementor-widget elementor-widget-text-editor\" data-id=\"37cef1a\" data-element_type=\"widget\" data-widget_type=\"text-editor.default\">\n\t\t\t\t<div class=\"elementor-widget-container\">\n\t\t\t\t\t\t\t\t\t<p>Cette carte interactive vous permet de retrouver <strong>toutes les gares et points d\u2019arr\u00eat<\/strong> que nous avons g\u00e9olocalis\u00e9s ou d&rsquo;autres photos.\u00a0<\/p>\t\t\t\t\t\t\t\t<\/div>\n\t\t\t\t<\/div>\n\t\t\t\t<\/div>\n\t\t\t\t\t<\/div>\n\t\t\t\t<\/div>\n\t\t<div class=\"elementor-element elementor-element-9046bc3 e-flex e-con-boxed e-con e-parent\" data-id=\"9046bc3\" data-element_type=\"container\">\n\t\t\t\t\t<div class=\"e-con-inner\">\n\t\t<div class=\"elementor-element elementor-element-31c6338 e-con-full e-flex e-con e-child\" data-id=\"31c6338\" data-element_type=\"container\">\n\t\t\t\t<div class=\"elementor-element elementor-element-8a2ad35 elementor-widget elementor-widget-html\" data-id=\"8a2ad35\" data-element_type=\"widget\" data-widget_type=\"html.default\">\n\t\t\t\t<div class=\"elementor-widget-container\">\n\t\t\t\t\t<a href=\"https:\/\/www.lasagadesgares.be\/wordpress\/gares-dune-ligne\/\">\n<center><h2>\nVoyagez sur une ligne    \n<\/h2>\n<img decoding=\"async\" src=\"https:\/\/www.lasagadesgares.be\/html\/minicarte_ligne.jpg\">\n<\/center>\n<\/a>\t\t\t\t<\/div>\n\t\t\t\t<\/div>\n\t\t\t\t<div class=\"elementor-element elementor-element-e52b462 elementor-widget elementor-widget-text-editor\" data-id=\"e52b462\" data-element_type=\"widget\" data-widget_type=\"text-editor.default\">\n\t\t\t\t<div class=\"elementor-widget-container\">\n\t\t\t\t\t\t\t\t\t<p><strong>S\u00e9lectionnez une ligne ferroviaire<\/strong> particuli\u00e8re pour y voyager \u00e0 toute vapeur.<\/p>\t\t\t\t\t\t\t\t<\/div>\n\t\t\t\t<\/div>\n\t\t\t\t<\/div>\n\t\t<div class=\"elementor-element elementor-element-970f1a6 e-con-full e-flex e-con e-child\" data-id=\"970f1a6\" data-element_type=\"container\">\n\t\t\t\t<div class=\"elementor-element elementor-element-fb4c90e elementor-widget elementor-widget-html\" data-id=\"fb4c90e\" data-element_type=\"widget\" data-widget_type=\"html.default\">\n\t\t\t\t<div class=\"elementor-widget-container\">\n\t\t\t\t\t<a href=\"https:\/\/www.lasagadesgares.be\/carto\/index.php?zoom=6&lat=46.451578&lon=5.295410&titre=Carte%20de%20vid%C3%A9os%20Youtube%20g%C3%A9olocalis%C3%A9es&youtube&other&photo&cluster\"><center><h2>Voyagez avec Youtube<\/h2>\n<img decoding=\"async\" src=\"https:\/\/www.lasagadesgares.be\/html\/minicarte_youtube.jpg\"><\/center><\/a>\t\t\t\t<\/div>\n\t\t\t\t<\/div>\n\t\t\t\t<div class=\"elementor-element elementor-element-c96252a elementor-widget elementor-widget-text-editor\" data-id=\"c96252a\" data-element_type=\"widget\" data-widget_type=\"text-editor.default\">\n\t\t\t\t<div class=\"elementor-widget-container\">\n\t\t\t\t\t\t\t\t\t<p>Cette carte interactive vous propose de nombreuse vid\u00e9os Youtube g\u00e9olocalis\u00e9es pour voyager dans le monde (<strong>Lignes du pass\u00e9<\/strong>,&nbsp;<strong>trains touristiques<\/strong>,&nbsp;<strong>mus\u00e9e<\/strong>,&nbsp;<strong>mod\u00e9lisme<\/strong>,&nbsp;<strong>histoire<\/strong>, etc\u2026)<\/p>\t\t\t\t\t\t\t\t<\/div>\n\t\t\t\t<\/div>\n\t\t\t\t<\/div>\n\t\t\t\t\t<\/div>\n\t\t\t\t<\/div>\n\t\t\t\t<\/div>\n\t\t","protected":false},"excerpt":{"rendered":"<p>La Saga des Gares vous propose plusieurs mani\u00e8res pour d\u00e9couvrir les gares d&rsquo;hier et d&rsquo;aujourd&rsquo;hui, leurs histoires, leurs images et vid\u00e9os. Pour acc\u00e9der \u00e0 ces contenus, choisissez un mod\u00e8le de carte. Carte des gares document\u00e9es<\/p>\n","protected":false},"author":2,"featured_media":0,"parent":0,"menu_order":0,"comment_status":"closed","ping_status":"closed","template":"","meta":{"footnotes":""},"class_list":["post-4971","page","type-page","status-publish","hentry"],"_links":{"self":[{"href":"https:\/\/www.lasagadesgares.be\/wordpress\/wp-json\/wp\/v2\/pages\/4971","targetHints":{"allow":["GET"]}}],"collection":[{"href":"https:\/\/www.lasagadesgares.be\/wordpress\/wp-json\/wp\/v2\/pages"}],"about":[{"href":"https:\/\/www.lasagadesgares.be\/wordpress\/wp-json\/wp\/v2\/types\/page"}],"author":[{"embeddable":true,"href":"https:\/\/www.lasagadesgares.be\/wordpress\/wp-json\/wp\/v2\/users\/2"}],"replies":[{"embeddable":true,"href":"https:\/\/www.lasagadesgares.be\/wordpress\/wp-json\/wp\/v2\/comments?post=4971"}],"version-history":[{"count":76,"href":"https:\/\/www.lasagadesgares.be\/wordpress\/wp-json\/wp\/v2\/pages\/4971\/revisions"}],"predecessor-version":[{"id":5755,"href":"https:\/\/www.lasagadesgares.be\/wordpress\/wp-json\/wp\/v2\/pages\/4971\/revisions\/5755"}],"wp:attachment":[{"href":"https:\/\/www.lasagadesgares.be\/wordpress\/wp-json\/wp\/v2\/media?parent=4971"}],"curies":[{"name":"wp","href":"https:\/\/api.w.org\/{rel}","templated":true}]}}